{"id":1227,"date":"2022-01-26T00:48:39","date_gmt":"2022-01-25T23:48:39","guid":{"rendered":"https:\/\/www.caue19.fr\/news\/?page_id=1227"},"modified":"2024-11-26T16:55:15","modified_gmt":"2024-11-26T15:55:15","slug":"sensibilisation-aux-scolaires","status":"publish","type":"page","link":"https:\/\/www.caue19.fr\/news\/sensibilisation-aux-scolaires\/","title":{"rendered":"Sensibilisation aux scolaires"},"content":{"rendered":"\n<div class=\"wp-block-columns\">\n<div class=\"wp-block-column\" style=\"flex-basis:1000px\">\n<div style=\"height:49px\" aria-hidden=\"true\" class=\"wp-block-spacer\"><\/div>\n\n\n\n<figure class=\"wp-block-embed aligncenter is-type-video is-provider-youtube wp-block-embed-youtube wp-embed-aspect-16-9 wp-has-aspect-ratio\"><div class=\"wp-block-embed__wrapper\">\n<iframe loading=\"lazy\" title=\"Enseignants et professionnels de la culture, votre CAUE vous aide !\" width=\"1140\" height=\"641\" src=\"https:\/\/www.youtube.com\/embed\/qJlwXuhSCCs?feature=oembed\" frameborder=\"0\" allow=\"accelerometer; autoplay; clipboard-write; encrypted-media; gyroscope; picture-in-picture; web-share\" referrerpolicy=\"strict-origin-when-cross-origin\" allowfullscreen><\/iframe>\n<\/div><figcaption><br><\/figcaption><\/figure>\n\n\n\n<div style=\"height:18px\" aria-hidden=\"true\" class=\"wp-block-spacer\"><\/div>\n\n\n\n<p class=\"has-very-light-gray-background-color has-background\">Les \u00e9v\u00e8nements nationaux et les manifestations locales sont des occasions id\u00e9ales pour transmettre au jeune public le <strong>go\u00fbt de l\u2019architecture, de l\u2019urbanisme et de l\u2019environnement.<\/strong><br><br><strong>Le CAUE<\/strong> accueille des stagiaires issus des \u00e9tablissements professionnels du d\u00e9partement ou nationaux (\u00e9coles, universit\u00e9s\u2026) et contribuent ainsi \u00e0 leur apprentissage.<br><br>Enfin, <strong>le CAUE<\/strong> met \u00e0 votre disposition des ressources gr\u00e2ce \u00e0 son <strong><a href=\"https:\/\/www.caue19.fr\/news\/centre-de-documentation\/\" data-type=\"page\" data-id=\"1665\">centre de documentation<\/a><\/strong> ouvert \u00e0 tous sur r\u00e9servation. Nous nous tenons \u00e0 votre disposition pour de plus amples renseignements. La dur\u00e9e et\/ou la fr\u00e9quence de nos interventions seront pr\u00e9cis\u00e9es au cas par cas.<\/p>\n\n\n\n<div class=\"wp-container-1 wp-block-group\"><div class=\"wp-block-group__inner-container\">\n<div style=\"height:33px\" aria-hidden=\"true\" class=\"wp-block-spacer\"><\/div>\n\n\n\n<h2 id=\"nos-actions-regulieres\"><strong>Nos actions r\u00e9guli\u00e8res <\/strong><\/h2>\n\n\n\n<figure class=\"wp-block-embed aligncenter is-type-video is-provider-youtube wp-block-embed-youtube wp-embed-aspect-16-9 wp-has-aspect-ratio\"><div class=\"wp-block-embed__wrapper\">\n<iframe loading=\"lazy\" title=\"Les Enfants du Patrimoine\" width=\"1140\" height=\"641\" src=\"https:\/\/www.youtube.com\/embed\/KbgzzBDfYzY?feature=oembed\" frameborder=\"0\" allow=\"accelerometer; autoplay; clipboard-write; encrypted-media; gyroscope; picture-in-picture; web-share\" referrerpolicy=\"strict-origin-when-cross-origin\" allowfullscreen><\/iframe>\n<\/div><\/figure>\n\n\n\n<div style=\"height:18px\" aria-hidden=\"true\" class=\"wp-block-spacer\"><\/div>\n\n\n\n<p><strong>LES ENFANTS DU PATRIMOINE<\/strong> journ\u00e9e exclusivement d\u00e9di\u00e9e aux \u00e9l\u00e8ves et \u00e0 leurs enseignants qui ont la primeur des <strong>Journ\u00e9es Europ\u00e9ennes du Patrimoine<\/strong> avec des programmes d\u2019activit\u00e9s gratuits et adapt\u00e9s aux jeunes publics comme des visites comment\u00e9es. Le parrain de l\u2019op\u00e9ration Les Enfants du Patrimoine est <strong>St\u00e9phane Bern<\/strong>.<\/p>\n\n\n\n<p><strong>INTERVENTIONS <\/strong> r\u00e9guli\u00e8res aupr\u00e8s des lyc\u00e9ens professionnels du d\u00e9partement (Voutezac, Naves, Egletons, Bort les Orgues\u2026) sur des th\u00e9matiques adapt\u00e9es \u00e0 leur cursus<\/p>\n\n\n\n<p><strong>LECTURES DE PAYSAGE<\/strong><\/p>\n\n\n\n<p><strong> VISITES COMMENT\u00c9ES<\/strong> qui peuvent \u00eatre en lien avec un th\u00e8me de nos expositions.  <strong><a href=\"https:\/\/www.caue19.fr\/news\/ressources\/expositions\/\" data-type=\"page\" data-id=\"964\">\u2794 voir nos expositions<\/a><\/strong><\/p>\n\n\n\n<div style=\"height:44px\" aria-hidden=\"true\" class=\"wp-block-spacer\"><\/div>\n<\/div><\/div>\n\n\n\n<h2 id=\"nos-actions-ponctuelles\"><strong>Nos actions ponctuelles<\/strong><\/h2>\n\n\n\n<p><\/p>\n<\/div>\n<\/div>\n\n\n\n<div class=\"wp-block-columns\">\n<div class=\"wp-block-column\">\n<figure class=\"wp-block-image size-large\"><img loading=\"lazy\" width=\"2560\" height=\"2557\" src=\"https:\/\/www.caue19.fr\/news\/wp-content\/uploads\/2024\/11\/IMG_2685-edited-scaled.jpeg\" alt=\"\" class=\"wp-image-2312\" srcset=\"https:\/\/www.caue19.fr\/news\/wp-content\/uploads\/2024\/11\/IMG_2685-edited-scaled.jpeg 2560w, https:\/\/www.caue19.fr\/news\/wp-content\/uploads\/2024\/11\/IMG_2685-edited-300x300.jpeg 300w, https:\/\/www.caue19.fr\/news\/wp-content\/uploads\/2024\/11\/IMG_2685-edited-1024x1024.jpeg 1024w, https:\/\/www.caue19.fr\/news\/wp-content\/uploads\/2024\/11\/IMG_2685-edited-150x150.jpeg 150w, https:\/\/www.caue19.fr\/news\/wp-content\/uploads\/2024\/11\/IMG_2685-edited-768x767.jpeg 768w, https:\/\/www.caue19.fr\/news\/wp-content\/uploads\/2024\/11\/IMG_2685-edited-1536x1534.jpeg 1536w, https:\/\/www.caue19.fr\/news\/wp-content\/uploads\/2024\/11\/IMG_2685-edited-2048x2046.jpeg 2048w, https:\/\/www.caue19.fr\/news\/wp-content\/uploads\/2024\/11\/IMG_2685-edited-600x599.jpeg 600w, https:\/\/www.caue19.fr\/news\/wp-content\/uploads\/2024\/11\/IMG_2685-edited-100x100.jpeg 100w\" sizes=\"(max-width: 2560px) 100vw, 2560px\" \/><\/figure>\n\n\n\n<h4 id=\"pour-les-niveauxcm1-cm2-collegiens\">Pour les niveaux<br>CM1-CM2-coll\u00e8giens<br><\/h4>\n\n\n\n<ul><li>ATELIERS MAQUETTES<\/li><li>L\u2019\u00c9VOLUTION DE LA VILLE \/ DU VILLAGE <\/li><li>L\u2019HABITAT RURAL D\u2019AUTREFOIS <\/li><li>RECONSTRUIRE SON \u00c9COLE <\/li><li>REVERDIR MA COUR <\/li><\/ul>\n<\/div>\n\n\n\n<div class=\"wp-block-column is-vertically-aligned-top\">\n<figure class=\"wp-block-image size-large is-resized\"><img src=\"https:\/\/www.caue19.fr\/news\/wp-content\/uploads\/2024\/11\/DSC_0700-edited-scaled.jpg\" alt=\"\" class=\"wp-image-2310\" width=\"357\" srcset=\"https:\/\/www.caue19.fr\/news\/wp-content\/uploads\/2024\/11\/DSC_0700-edited-scaled.jpg 2560w, https:\/\/www.caue19.fr\/news\/wp-content\/uploads\/2024\/11\/DSC_0700-edited-300x300.jpg 300w, https:\/\/www.caue19.fr\/news\/wp-content\/uploads\/2024\/11\/DSC_0700-edited-1024x1022.jpg 1024w, https:\/\/www.caue19.fr\/news\/wp-content\/uploads\/2024\/11\/DSC_0700-edited-150x150.jpg 150w, https:\/\/www.caue19.fr\/news\/wp-content\/uploads\/2024\/11\/DSC_0700-edited-768x767.jpg 768w, https:\/\/www.caue19.fr\/news\/wp-content\/uploads\/2024\/11\/DSC_0700-edited-1536x1534.jpg 1536w, https:\/\/www.caue19.fr\/news\/wp-content\/uploads\/2024\/11\/DSC_0700-edited-2048x2045.jpg 2048w, https:\/\/www.caue19.fr\/news\/wp-content\/uploads\/2024\/11\/DSC_0700-edited-600x599.jpg 600w, https:\/\/www.caue19.fr\/news\/wp-content\/uploads\/2024\/11\/DSC_0700-edited-100x100.jpg 100w\" sizes=\"(max-width: 2560px) 100vw, 2560px\" \/><\/figure>\n\n\n\n<h4 id=\"pour-les-niveauxsuperieurs-et-lycees-professionnels\">Pour les niveaux<br>sup\u00e9rieurs et lyc\u00e9es professionnels<br><\/h4>\n\n\n\n<ul><li>\u00c9CO-CONSTRUCTION D\u2019HIER ET DE DEMAIN<\/li><li>M\u00c9TIERS D\u2019ARCHITECTE \/ URBANISTE \/ PAYSAGISTE-CONCEPTEUR<\/li><li>CONSTRUIRE AVEC LE BOIS<\/li><li>PHOTOGRAPHIER SON PATRIMOINE<\/li><li>CONDUIRE UNE \u00c9TUDE GLOBALE: LA NOTE D&rsquo;ENJEUX<\/li><\/ul>\n<\/div>\n<\/div>\n","protected":false},"excerpt":{"rendered":"<p>Les \u00e9v\u00e8nements nationaux et les manifestations locales sont des occasions id\u00e9ales pour transmettre au jeune public le go\u00fbt de l\u2019architecture, de l\u2019urbanisme et de l\u2019environnement. Le CAUE accueille des stagiaires issus des \u00e9tablissements professionnels du d\u00e9partement ou nationaux (\u00e9coles, universit\u00e9s\u2026) &hellip; <a href=\"https:\/\/www.caue19.fr\/news\/sensibilisation-aux-scolaires\/\">Lire la suite\u00ad\u00ad<\/a><\/p>\n","protected":false},"author":1,"featured_media":0,"parent":0,"menu_order":0,"comment_status":"closed","ping_status":"closed","template":"page-sidebar.php","meta":{"kt_blocks_editor_width":""},"_links":{"self":[{"href":"https:\/\/www.caue19.fr\/news\/wp-json\/wp\/v2\/pages\/1227"}],"collection":[{"href":"https:\/\/www.caue19.fr\/news\/wp-json\/wp\/v2\/pages"}],"about":[{"href":"https:\/\/www.caue19.fr\/news\/wp-json\/wp\/v2\/types\/page"}],"author":[{"embeddable":true,"href":"https:\/\/www.caue19.fr\/news\/wp-json\/wp\/v2\/users\/1"}],"replies":[{"embeddable":true,"href":"https:\/\/www.caue19.fr\/news\/wp-json\/wp\/v2\/comments?post=1227"}],"version-history":[{"count":79,"href":"https:\/\/www.caue19.fr\/news\/wp-json\/wp\/v2\/pages\/1227\/revisions"}],"predecessor-version":[{"id":2313,"href":"https:\/\/www.caue19.fr\/news\/wp-json\/wp\/v2\/pages\/1227\/revisions\/2313"}],"wp:attachment":[{"href":"https:\/\/www.caue19.fr\/news\/wp-json\/wp\/v2\/media?parent=1227"}],"curies":[{"name":"wp","href":"https:\/\/api.w.org\/{rel}","templated":true}]}}

<div class="wp-block-columns">
<div class="wp-block-column" style="flex-basis:1000px">
<div style="height:49px" aria-hidden="true" class="wp-block-spacer"></div>



<figure class="wp-block-embed aligncenter is-type-video is-provider-youtube wp-block-embed-youtube wp-embed-aspect-16-9 wp-has-aspect-ratio"><div class="wp-block-embed__wrapper">
<iframe loading="lazy" title="Enseignants et professionnels de la culture, votre CAUE vous aide !" width="1140" height="641" src="https://www.youtube.com/embed/qJlwXuhSCCs?feature=oembed" frameborder="0" allow="accelerometer; autoplay; clipboard-write; encrypted-media; gyroscope; picture-in-picture; web-share" referrerpolicy="strict-origin-when-cross-origin" allowfullscreen></iframe>
</div><figcaption><br></figcaption></figure>



<div style="height:18px" aria-hidden="true" class="wp-block-spacer"></div>



<p class="has-very-light-gray-background-color has-background">Les évènements nationaux et les manifestations locales sont des occasions idéales pour transmettre au jeune public le <strong>goût de l’architecture, de l’urbanisme et de l’environnement.</strong><br><br><strong>Le CAUE</strong> accueille des stagiaires issus des établissements professionnels du département ou nationaux (écoles, universités…) et contribuent ainsi à leur apprentissage.<br><br>Enfin, <strong>le CAUE</strong> met à votre disposition des ressources grâce à son <strong><a href="https://www.caue19.fr/news/centre-de-documentation/" data-type="page" data-id="1665">centre de documentation</a></strong> ouvert à tous sur réservation. Nous nous tenons à votre disposition pour de plus amples renseignements. La durée et/ou la fréquence de nos interventions seront précisées au cas par cas.</p>



<div class="wp-container-1 wp-block-group"><div class="wp-block-group__inner-container">
<div style="height:33px" aria-hidden="true" class="wp-block-spacer"></div>



<h2 id="nos-actions-regulieres"><strong>Nos actions régulières </strong></h2>



<figure class="wp-block-embed aligncenter is-type-video is-provider-youtube wp-block-embed-youtube wp-embed-aspect-16-9 wp-has-aspect-ratio"><div class="wp-block-embed__wrapper">
<iframe loading="lazy" title="Les Enfants du Patrimoine" width="1140" height="641" src="https://www.youtube.com/embed/KbgzzBDfYzY?feature=oembed" frameborder="0" allow="accelerometer; autoplay; clipboard-write; encrypted-media; gyroscope; picture-in-picture; web-share" referrerpolicy="strict-origin-when-cross-origin" allowfullscreen></iframe>
</div></figure>



<div style="height:18px" aria-hidden="true" class="wp-block-spacer"></div>



<p><strong>LES ENFANTS DU PATRIMOINE</strong> journée exclusivement dédiée aux élèves et à leurs enseignants qui ont la primeur des <strong>Journées Européennes du Patrimoine</strong> avec des programmes d’activités gratuits et adaptés aux jeunes publics comme des visites commentées. Le parrain de l’opération Les Enfants du Patrimoine est <strong>Stéphane Bern</strong>.</p>



<p><strong>INTERVENTIONS </strong> régulières auprès des lycéens professionnels du département (Voutezac, Naves, Egletons, Bort les Orgues…) sur des thématiques adaptées à leur cursus</p>



<p><strong>LECTURES DE PAYSAGE</strong></p>



<p><strong> VISITES COMMENTÉES</strong> qui peuvent être en lien avec un thème de nos expositions.  <strong><a href="https://www.caue19.fr/news/ressources/expositions/" data-type="page" data-id="964">➔ voir nos expositions</a></strong></p>



<div style="height:44px" aria-hidden="true" class="wp-block-spacer"></div>
</div></div>



<h2 id="nos-actions-ponctuelles"><strong>Nos actions ponctuelles</strong></h2>



<p></p>
</div>
</div>



<div class="wp-block-columns">
<div class="wp-block-column">
<figure class="wp-block-image size-large"><img loading="lazy" width="2560" height="2557" src="https://www.caue19.fr/news/wp-content/uploads/2024/11/IMG_2685-edited-scaled.jpeg" alt="" class="wp-image-2312" srcset="https://www.caue19.fr/news/wp-content/uploads/2024/11/IMG_2685-edited-scaled.jpeg 2560w, https://www.caue19.fr/news/wp-content/uploads/2024/11/IMG_2685-edited-300x300.jpeg 300w, https://www.caue19.fr/news/wp-content/uploads/2024/11/IMG_2685-edited-1024x1024.jpeg 1024w, https://www.caue19.fr/news/wp-content/uploads/2024/11/IMG_2685-edited-150x150.jpeg 150w, https://www.caue19.fr/news/wp-content/uploads/2024/11/IMG_2685-edited-768x767.jpeg 768w, https://www.caue19.fr/news/wp-content/uploads/2024/11/IMG_2685-edited-1536x1534.jpeg 1536w, https://www.caue19.fr/news/wp-content/uploads/2024/11/IMG_2685-edited-2048x2046.jpeg 2048w, https://www.caue19.fr/news/wp-content/uploads/2024/11/IMG_2685-edited-600x599.jpeg 600w, https://www.caue19.fr/news/wp-content/uploads/2024/11/IMG_2685-edited-100x100.jpeg 100w" sizes="(max-width: 2560px) 100vw, 2560px" /></figure>



<h4 id="pour-les-niveauxcm1-cm2-collegiens">Pour les niveaux<br>CM1-CM2-collègiens<br></h4>



<ul><li>ATELIERS MAQUETTES</li><li>L’ÉVOLUTION DE LA VILLE / DU VILLAGE </li><li>L’HABITAT RURAL D’AUTREFOIS </li><li>RECONSTRUIRE SON ÉCOLE </li><li>REVERDIR MA COUR </li></ul>
</div>



<div class="wp-block-column is-vertically-aligned-top">
<figure class="wp-block-image size-large is-resized"><img src="https://www.caue19.fr/news/wp-content/uploads/2024/11/DSC_0700-edited-scaled.jpg" alt="" class="wp-image-2310" width="357" srcset="https://www.caue19.fr/news/wp-content/uploads/2024/11/DSC_0700-edited-scaled.jpg 2560w, https://www.caue19.fr/news/wp-content/uploads/2024/11/DSC_0700-edited-300x300.jpg 300w, https://www.caue19.fr/news/wp-content/uploads/2024/11/DSC_0700-edited-1024x1022.jpg 1024w, https://www.caue19.fr/news/wp-content/uploads/2024/11/DSC_0700-edited-150x150.jpg 150w, https://www.caue19.fr/news/wp-content/uploads/2024/11/DSC_0700-edited-768x767.jpg 768w, https://www.caue19.fr/news/wp-content/uploads/2024/11/DSC_0700-edited-1536x1534.jpg 1536w, https://www.caue19.fr/news/wp-content/uploads/2024/11/DSC_0700-edited-2048x2045.jpg 2048w, https://www.caue19.fr/news/wp-content/uploads/2024/11/DSC_0700-edited-600x599.jpg 600w, https://www.caue19.fr/news/wp-content/uploads/2024/11/DSC_0700-edited-100x100.jpg 100w" sizes="(max-width: 2560px) 100vw, 2560px" /></figure>



<h4 id="pour-les-niveauxsuperieurs-et-lycees-professionnels">Pour les niveaux<br>supérieurs et lycées professionnels<br></h4>



<ul><li>ÉCO-CONSTRUCTION D’HIER ET DE DEMAIN</li><li>MÉTIERS D’ARCHITECTE / URBANISTE / PAYSAGISTE-CONCEPTEUR</li><li>CONSTRUIRE AVEC LE BOIS</li><li>PHOTOGRAPHIER SON PATRIMOINE</li><li>CONDUIRE UNE ÉTUDE GLOBALE: LA NOTE D&rsquo;ENJEUX</li></ul>
</div>
</div>

<p>Les évènements nationaux et les manifestations locales sont des occasions idéales pour transmettre au jeune public le goût de l’architecture, de l’urbanisme et de l’environnement. Le CAUE accueille des stagiaires issus des établissements professionnels du département ou nationaux (écoles, universités…) &hellip; <a href="https://www.caue19.fr/news/sensibilisation-aux-scolaires/">Lire la suite­­</a></p>
