{"id":821,"date":"2013-07-26T21:27:43","date_gmt":"2013-07-26T19:27:43","guid":{"rendered":"http:\/\/themes.kadencethemes.com\/virtue\/?page_id=22"},"modified":"2022-05-19T01:23:53","modified_gmt":"2022-05-18T23:23:53","slug":"home","status":"publish","type":"page","link":"https:\/\/www.caue19.fr\/news\/","title":{"rendered":"Accueil"},"content":{"rendered":"\n<h2 id=\"le-conseil-d-architecture-d-urbanisme-et-de-l-environnement-de-la-correze\">Le Conseil&nbsp;d&rsquo;Architecture, d&rsquo;Urbanisme et de l&rsquo;Environnement de la <span class=\"has-inline-color has-virtue-primary-color\">Corr\u00e8ze<\/span><\/h2>\n\n\n\n<p>Cr\u00e9\u00e9 en f\u00e9vrier 1979, le Conseil d\u2019Architecture, d\u2019Urbanisme et de l\u2019Environnement de la Corr\u00e8ze est une association de droit priv\u00e9, guid\u00e9e par une mission de service public. Le CAUE est un outil d\u00e9partemental dont les statuts et les missions sont fix\u00e9s par la loi su l&rsquo;architecture du 3 janvier 1977.<\/p>\n\n\n\n<div style=\"height:55px\" aria-hidden=\"true\" class=\"wp-block-spacer\"><\/div>\n\n\n\n<div class=\"wp-block-columns col_acide_publi\">\n<div class=\"wp-block-column\"><style id=\"kt-blocks_41baaf-8b\">.kt-btns_41baaf-8b .kt-btn-wrap-0{margin-right:5px;}.rtl .kt-btns_41baaf-8b .kt-btn-wrap-0{margin-left:5px;margin-right:0px;}.wp-block-kadence-advancedbtn.kt-btns_41baaf-8b .kt-btn-wrap-0 .kt-button{color:#fff;background:rgba(0, 0, 0, 0.66);border-color:rgba(0, 0, 0, 0.66);}.wp-block-kadence-advancedbtn.kt-btns_41baaf-8b .kt-btn-wrap-0 .kt-button::before{display:none;}.wp-block-kadence-advancedbtn.kt-btns_41baaf-8b .kt-btn-wrap-0 .kt-button:hover, .wp-block-kadence-advancedbtn.kt-btns_41baaf-8b .kt-btn-wrap-0 .kt-button:focus{background:#444444;}.wp-block-kadence-advancedbtn.kt-btns_41baaf-8b .kt-btn-wrap-0 .kt-button .kt-btn-svg-icon{font-size:40px;}<\/style>\n<div class=\"wp-block-kadence-advancedbtn kt-btn-align-left kt-btn-tablet-align-left kt-btn-mobile-align-left kt-btns-wrap kt-btns_41baaf-8b kt-force-btn-fullwidth kt-mobile-collapse-btn-fullwidth\"><div class=\"kt-btn-wrap kt-btn-wrap-0\"><a class=\"kt-button button kt-btn-0-action kt-btn-size-small kt-btn-style-basic kt-btn-svg-show-always kt-btn-has-text-true kt-btn-has-svg-true\" href=\"https:\/\/www.caue19.fr\/news\/ressources\/publications\/\"><div style=\"display:inline-flex;justify-content:center;align-items:center\" class=\"kt-btn-svg-icon kt-btn-svg-icon-fe_bookOpen kt-btn-side-left\"><svg style=\"display:inline-block;vertical-align:middle\" viewbox=\"0 0 24 24\" height=\"1em\" width=\"1em\" fill=\"none\" stroke=\"currentColor\" xmlns=\"http:\/\/www.w3.org\/2000\/svg\" stroke-width=\"2\" stroke-linecap=\"round\" stroke-linejoin=\"round\"><path d=\"M2 3h6a4 4 0 0 1 4 4v14a3 3 0 0 0-3-3H2z\"><\/path><path d=\"M22 3h-6a4 4 0 0 0-4 4v14a3 3 0 0 1 3-3h7z\"><\/path><\/svg><\/div><span class=\"kt-btn-inner-text\"><strong>Voir nos PUBLICATIONS<\/strong><\/span><\/a><\/div><\/div>\n\n\n\n<p><\/p>\n<\/div>\n<\/div>\n\n\n\n<div class=\"wp-block-columns\">\n<div class=\"wp-block-column\"><style id=\"kt-blocks_8decc5-3b\">.kt-btns_8decc5-3b .kt-btn-wrap-0{margin-right:5px;}.rtl .kt-btns_8decc5-3b .kt-btn-wrap-0{margin-left:5px;margin-right:0px;}.wp-block-kadence-advancedbtn.kt-btns_8decc5-3b .kt-btn-wrap-0 .kt-button{color:#fff;background:#5daca7;border-color:#5daca7;}.wp-block-kadence-advancedbtn.kt-btns_8decc5-3b .kt-btn-wrap-0 .kt-button::before{display:none;}.wp-block-kadence-advancedbtn.kt-btns_8decc5-3b .kt-btn-wrap-0 .kt-button:hover, .wp-block-kadence-advancedbtn.kt-btns_8decc5-3b .kt-btn-wrap-0 .kt-button:focus{background:#444444;}.wp-block-kadence-advancedbtn.kt-btns_8decc5-3b .kt-btn-wrap-0 .kt-button .kt-btn-svg-icon{font-size:35px;}<\/style>\n<div class=\"wp-block-kadence-advancedbtn kt-btn-align-left kt-btn-tablet-align-left kt-btn-mobile-align-left kt-btns-wrap kt-btns_8decc5-3b kt-force-btn-fullwidth kt-mobile-collapse-btn-fullwidth\"><div class=\"kt-btn-wrap kt-btn-wrap-0\"><a class=\"kt-button button kt-btn-0-action kt-btn-size-small kt-btn-style-basic kt-btn-svg-show-always kt-btn-has-text-true kt-btn-has-svg-true\" href=\"https:\/\/www.caue19.fr\/news\/conseil-aux-collectivites\/\"><div style=\"display:inline-flex;justify-content:center;align-items:center\" class=\"kt-btn-svg-icon kt-btn-svg-icon-fas_archway kt-btn-side-left\"><svg style=\"display:inline-block;vertical-align:middle\" viewbox=\"0 0 576 512\" height=\"1em\" width=\"1em\" fill=\"currentColor\" xmlns=\"http:\/\/www.w3.org\/2000\/svg\"><path d=\"M560 448h-16V96H32v352H16.02c-8.84 0-16 7.16-16 16v32c0 8.84 7.16 16 16 16H176c8.84 0 16-7.16 16-16V320c0-53.02 42.98-96 96-96s96 42.98 96 96l.02 160v16c0 8.84 7.16 16 16 16H560c8.84 0 16-7.16 16-16v-32c0-8.84-7.16-16-16-16zm0-448H16C7.16 0 0 7.16 0 16v32c0 8.84 7.16 16 16 16h544c8.84 0 16-7.16 16-16V16c0-8.84-7.16-16-16-16z\"><\/path><\/svg><\/div><span class=\"kt-btn-inner-text\"><strong>Je suis une COLLECTIVIT\u00c9<\/strong><\/span><\/a><\/div><\/div>\n\n\n<style id=\"kt-blocks_f055bb-cf\">.wp-block-kadence-advancedbtn.kt-btns_f055bb-cf, .site .entry-content .wp-block-kadence-advancedbtn.kt-btns_f055bb-cf{margin-top:30px;}.kt-btns_f055bb-cf .kt-btn-wrap-0{margin-right:5px;}.rtl .kt-btns_f055bb-cf .kt-btn-wrap-0{margin-left:5px;margin-right:0px;}.wp-block-kadence-advancedbtn.kt-btns_f055bb-cf .kt-btn-wrap-0 .kt-button{color:#fff;background:#5daca7;border-color:#5daca7;}.wp-block-kadence-advancedbtn.kt-btns_f055bb-cf .kt-btn-wrap-0 .kt-button::before{display:none;}.wp-block-kadence-advancedbtn.kt-btns_f055bb-cf .kt-btn-wrap-0 .kt-button:hover, .wp-block-kadence-advancedbtn.kt-btns_f055bb-cf .kt-btn-wrap-0 .kt-button:focus{background:#444444;}.wp-block-kadence-advancedbtn.kt-btns_f055bb-cf .kt-btn-wrap-0 .kt-button .kt-btn-svg-icon{font-size:35px;}<\/style>\n<div class=\"wp-block-kadence-advancedbtn kt-btn-align-left kt-btn-tablet-align-left kt-btn-mobile-align-left kt-btns-wrap kt-btns_f055bb-cf kt-force-btn-fullwidth kt-mobile-collapse-btn-fullwidth\"><div class=\"kt-btn-wrap kt-btn-wrap-0\"><a class=\"kt-button button kt-btn-0-action kt-btn-size-small kt-btn-style-basic kt-btn-svg-show-always kt-btn-has-text-true kt-btn-has-svg-true\" href=\"https:\/\/www.caue19.fr\/news\/conseil-aux-professionnels\/\"><div style=\"display:inline-flex;justify-content:center;align-items:center\" class=\"kt-btn-svg-icon kt-btn-svg-icon-ic_briefcase kt-btn-side-left\"><svg style=\"display:inline-block;vertical-align:middle\" viewbox=\"0 0 8 8\" height=\"1em\" width=\"1em\" fill=\"currentColor\" xmlns=\"http:\/\/www.w3.org\/2000\/svg\"><path d=\"M3 0c-.55 0-1 .45-1 1v1h-1.91c-.06 0-.09.04-.09.09v2.41c0 .28.22.5.5.5h7c.28 0 .5-.22.5-.5v-2.41c0-.06-.04-.09-.09-.09h-1.91v-1c0-.55-.45-1-1-1h-2zm0 1h2v1h-2v-1zm-3 4.91v2c0 .05.04.09.09.09h7.81c.05 0 .09-.04.09-.09v-2c-.16.06-.32.09-.5.09h-7c-.18 0-.34-.04-.5-.09z\"><\/path><\/svg><\/div><span class=\"kt-btn-inner-text\"><strong>Je suis un PROFESSIONNEL<\/strong><\/span><\/a><\/div><\/div>\n\n\n\n<p><\/p>\n<\/div>\n\n\n\n<div class=\"wp-block-column\"><style id=\"kt-blocks_62b6b3-25\">.kt-btns_62b6b3-25 .kt-btn-wrap-0{margin-right:5px;}.rtl .kt-btns_62b6b3-25 .kt-btn-wrap-0{margin-left:5px;margin-right:0px;}.wp-block-kadence-advancedbtn.kt-btns_62b6b3-25 .kt-btn-wrap-0 .kt-button{color:#fff;background:#5daca7;border-color:#5daca7;}.wp-block-kadence-advancedbtn.kt-btns_62b6b3-25 .kt-btn-wrap-0 .kt-button::before{display:none;}.wp-block-kadence-advancedbtn.kt-btns_62b6b3-25 .kt-btn-wrap-0 .kt-button:hover, .wp-block-kadence-advancedbtn.kt-btns_62b6b3-25 .kt-btn-wrap-0 .kt-button:focus{background:#444444;}.wp-block-kadence-advancedbtn.kt-btns_62b6b3-25 .kt-btn-wrap-0 .kt-button .kt-btn-svg-icon{font-size:40px;}<\/style>\n<div class=\"wp-block-kadence-advancedbtn kt-btn-align-left kt-btn-tablet-align-left kt-btn-mobile-align-left kt-btns-wrap kt-btns_62b6b3-25 kt-force-btn-fullwidth\"><div class=\"kt-btn-wrap kt-btn-wrap-0\"><a class=\"kt-button button kt-btn-0-action kt-btn-size-small kt-btn-style-basic kt-btn-svg-show-always kt-btn-has-text-true kt-btn-has-svg-true\" href=\"https:\/\/www.caue19.fr\/news\/conseil-aux-particuliers\/\"><div style=\"display:inline-flex;justify-content:center;align-items:center\" class=\"kt-btn-svg-icon kt-btn-svg-icon-fas_home kt-btn-side-left\"><svg style=\"display:inline-block;vertical-align:middle\" viewbox=\"0 0 576 512\" height=\"1em\" width=\"1em\" fill=\"currentColor\" xmlns=\"http:\/\/www.w3.org\/2000\/svg\"><path d=\"M488 312.7V456c0 13.3-10.7 24-24 24H348c-6.6 0-12-5.4-12-12V356c0-6.6-5.4-12-12-12h-72c-6.6 0-12 5.4-12 12v112c0 6.6-5.4 12-12 12H112c-13.3 0-24-10.7-24-24V312.7c0-3.6 1.6-7 4.4-9.3l188-154.8c4.4-3.6 10.8-3.6 15.3 0l188 154.8c2.7 2.3 4.3 5.7 4.3 9.3zm83.6-60.9L488 182.9V44.4c0-6.6-5.4-12-12-12h-56c-6.6 0-12 5.4-12 12V117l-89.5-73.7c-17.7-14.6-43.3-14.6-61 0L4.4 251.8c-5.1 4.2-5.8 11.8-1.6 16.9l25.5 31c4.2 5.1 11.8 5.8 16.9 1.6l235.2-193.7c4.4-3.6 10.8-3.6 15.3 0l235.2 193.7c5.1 4.2 12.7 3.5 16.9-1.6l25.5-31c4.2-5.2 3.4-12.7-1.7-16.9z\"><\/path><\/svg><\/div><span class=\"kt-btn-inner-text\"><strong>Je suis un PARTICULIER<\/strong><\/span><\/a><\/div><\/div>\n\n\n<style id=\"kt-blocks_bcd7a9-97\">.kt-btns_bcd7a9-97 .kt-btn-wrap-0{margin-right:5px;}.rtl .kt-btns_bcd7a9-97 .kt-btn-wrap-0{margin-left:5px;margin-right:0px;}.wp-block-kadence-advancedbtn.kt-btns_bcd7a9-97 .kt-btn-wrap-0 .kt-button{color:#fff;background:#5daca7;border-color:#5daca7;margin-top:30px;}.wp-block-kadence-advancedbtn.kt-btns_bcd7a9-97 .kt-btn-wrap-0 .kt-button::before{display:none;}.wp-block-kadence-advancedbtn.kt-btns_bcd7a9-97 .kt-btn-wrap-0 .kt-button:hover, .wp-block-kadence-advancedbtn.kt-btns_bcd7a9-97 .kt-btn-wrap-0 .kt-button:focus{background:#444444;}.wp-block-kadence-advancedbtn.kt-btns_bcd7a9-97 .kt-btn-wrap-0 .kt-button .kt-btn-svg-icon{font-size:40px;}<\/style>\n<div class=\"wp-block-kadence-advancedbtn kt-btn-align-left kt-btn-tablet-align-left kt-btn-mobile-align-left kt-btns-wrap kt-btns_bcd7a9-97 kt-force-btn-fullwidth\"><div class=\"kt-btn-wrap kt-btn-wrap-0\"><a class=\"kt-button button kt-btn-0-action kt-btn-size-small kt-btn-style-basic kt-btn-svg-show-always kt-btn-has-text-true kt-btn-has-svg-true\" href=\"https:\/\/www.caue19.fr\/news\/sensibilisation-aux-scolaires\/\"><div style=\"display:inline-flex;justify-content:center;align-items:center\" class=\"kt-btn-svg-icon kt-btn-svg-icon-fas_chalkboard-teacher kt-btn-side-left\"><svg style=\"display:inline-block;vertical-align:middle\" viewbox=\"0 0 640 512\" height=\"1em\" width=\"1em\" fill=\"currentColor\" xmlns=\"http:\/\/www.w3.org\/2000\/svg\"><path d=\"M208 352c-2.39 0-4.78.35-7.06 1.09C187.98 357.3 174.35 360 160 360c-14.35 0-27.98-2.7-40.95-6.91-2.28-.74-4.66-1.09-7.05-1.09C49.94 352-.33 402.48 0 464.62.14 490.88 21.73 512 48 512h224c26.27 0 47.86-21.12 48-47.38.33-62.14-49.94-112.62-112-112.62zm-48-32c53.02 0 96-42.98 96-96s-42.98-96-96-96-96 42.98-96 96 42.98 96 96 96zM592 0H208c-26.47 0-48 22.25-48 49.59V96c23.42 0 45.1 6.78 64 17.8V64h352v288h-64v-64H384v64h-76.24c19.1 16.69 33.12 38.73 39.69 64H592c26.47 0 48-22.25 48-49.59V49.59C640 22.25 618.47 0 592 0z\"><\/path><\/svg><\/div><span class=\"kt-btn-inner-text\"><strong>Je suis un ENSEIGNANT<\/strong><\/span><\/a><\/div><\/div>\n<\/div>\n<\/div>\n\n\n\n<div style=\"height:58px\" aria-hidden=\"true\" class=\"wp-block-spacer\"><\/div>\n\n\n\n<h3 class=\"has-text-align-center\">Actualit\u00e9s<\/h3>\n\n\n<style id=\"kt-blocks_398d54-f7\">.kb-posts-id-_398d54-f7 .entry.loop-entry .entry-header .entry-title{font-size:21px;}<\/style><div class=\"wp-block-kadence-posts kb-posts kb-posts-id-_398d54-f7 content-wrap grid-cols kb-posts-style-boxed grid-sm-col-2 grid-lg-col-2 item-image-style-above\"><article class=\"entry content-bg loop-entry post-2561 post type-post status-publish format-standard has-post-thumbnail hentry category-actualite\">\n\t\t\t<a class=\"post-thumbnail kadence-thumbnail-ratio-3-4\" href=\"https:\/\/www.caue19.fr\/news\/printemps-des-cours-decole-2026\/\">\n\t\t\t<div class=\"post-thumbnail-inner\">\n\t\t\t\t<img width=\"768\" height=\"768\" src=\"https:\/\/www.caue19.fr\/news\/wp-content\/uploads\/2026\/04\/publi-insta-2026-768x768.jpg\" class=\"attachment-medium_large size-medium_large wp-post-image\" alt=\"PRINTEMPS DES COURS D&rsquo;ECOLE 2026\" loading=\"lazy\" srcset=\"https:\/\/www.caue19.fr\/news\/wp-content\/uploads\/2026\/04\/publi-insta-2026-768x768.jpg 768w, https:\/\/www.caue19.fr\/news\/wp-content\/uploads\/2026\/04\/publi-insta-2026-300x300.jpg 300w, https:\/\/www.caue19.fr\/news\/wp-content\/uploads\/2026\/04\/publi-insta-2026-1024x1024.jpg 1024w, https:\/\/www.caue19.fr\/news\/wp-content\/uploads\/2026\/04\/publi-insta-2026-150x150.jpg 150w, https:\/\/www.caue19.fr\/news\/wp-content\/uploads\/2026\/04\/publi-insta-2026-600x600.jpg 600w, https:\/\/www.caue19.fr\/news\/wp-content\/uploads\/2026\/04\/publi-insta-2026-100x100.jpg 100w, https:\/\/www.caue19.fr\/news\/wp-content\/uploads\/2026\/04\/publi-insta-2026-532x532.jpg 532w, https:\/\/www.caue19.fr\/news\/wp-content\/uploads\/2026\/04\/publi-insta-2026-266x266.jpg 266w, https:\/\/www.caue19.fr\/news\/wp-content\/uploads\/2026\/04\/publi-insta-2026.jpg 1240w\" sizes=\"(max-width: 768px) 100vw, 768px\" \/>\t\t\t<\/div>\n\t\t<\/a><!-- .post-thumbnail -->\n\t\t\t<div class=\"entry-content-wrap\">\n\t\t<header class=\"entry-header\">\n\t\t<div class=\"entry-taxonomies\">\n\t\t<span class=\"category-links term-links category-style-normal\">\n\t\t\t<a href=\"https:\/\/www.caue19.fr\/news\/category\/actualite\/\" rel=\"category tag\">Actualit\u00e9<\/a>\t\t<\/span>\n\t<\/div><!-- .entry-taxonomies -->\n\t<h3 class=\"entry-title\"><a href=\"https:\/\/www.caue19.fr\/news\/printemps-des-cours-decole-2026\/\" rel=\"bookmark\">PRINTEMPS DES COURS D&rsquo;ECOLE 2026<\/a><\/h3><\/header><!-- .entry-header -->\n\t<div class=\"entry-summary\">\n\t\t<p>Les CAUE en Limousin organisent la visite de cours d&rsquo;\u00e9coles v\u00e9g\u00e9talis\u00e9es et renatur\u00e9es. Pour la Corr\u00e8ze ce sera la cour &hellip; <a href=\"https:\/\/www.caue19.fr\/news\/printemps-des-cours-decole-2026\/\">Lire la suite\u00ad\u00ad<\/a><\/p>\n\t<\/div><!-- .entry-summary -->\n\t<footer class=\"entry-footer\">\n\t<\/footer><!-- .entry-footer -->\t<\/div>\n<\/article>\n<article class=\"entry content-bg loop-entry post-2548 post type-post status-publish format-standard has-post-thumbnail hentry category-actualite\">\n\t\t\t<a class=\"post-thumbnail kadence-thumbnail-ratio-3-4\" href=\"https:\/\/www.caue19.fr\/news\/fetes-des-jardin-brive-i-25-octobre-2026\/\">\n\t\t\t<div class=\"post-thumbnail-inner\">\n\t\t\t\t<img width=\"576\" height=\"573\" src=\"https:\/\/www.caue19.fr\/news\/wp-content\/uploads\/2026\/04\/fe\u0302te-des-jardins-compresse\u0301-e1775122767719.jpg\" class=\"attachment-medium_large size-medium_large wp-post-image\" alt=\"FETES DES JARDIN-Brive I 25 avril 2026\" loading=\"lazy\" srcset=\"https:\/\/www.caue19.fr\/news\/wp-content\/uploads\/2026\/04\/fe\u0302te-des-jardins-compresse\u0301-e1775122767719.jpg 576w, https:\/\/www.caue19.fr\/news\/wp-content\/uploads\/2026\/04\/fe\u0302te-des-jardins-compresse\u0301-e1775122767719-300x298.jpg 300w, https:\/\/www.caue19.fr\/news\/wp-content\/uploads\/2026\/04\/fe\u0302te-des-jardins-compresse\u0301-e1775122767719-150x150.jpg 150w, https:\/\/www.caue19.fr\/news\/wp-content\/uploads\/2026\/04\/fe\u0302te-des-jardins-compresse\u0301-e1775122767719-100x100.jpg 100w, https:\/\/www.caue19.fr\/news\/wp-content\/uploads\/2026\/04\/fe\u0302te-des-jardins-compresse\u0301-e1775122767719-266x266.jpg 266w\" sizes=\"(max-width: 576px) 100vw, 576px\" \/>\t\t\t<\/div>\n\t\t<\/a><!-- .post-thumbnail -->\n\t\t\t<div class=\"entry-content-wrap\">\n\t\t<header class=\"entry-header\">\n\t\t<div class=\"entry-taxonomies\">\n\t\t<span class=\"category-links term-links category-style-normal\">\n\t\t\t<a href=\"https:\/\/www.caue19.fr\/news\/category\/actualite\/\" rel=\"category tag\">Actualit\u00e9<\/a>\t\t<\/span>\n\t<\/div><!-- .entry-taxonomies -->\n\t<h3 class=\"entry-title\"><a href=\"https:\/\/www.caue19.fr\/news\/fetes-des-jardin-brive-i-25-octobre-2026\/\" rel=\"bookmark\">FETES DES JARDIN-Brive I 25 avril 2026<\/a><\/h3><\/header><!-- .entry-header -->\n\t<div class=\"entry-summary\">\n\t\t<p>Le CAUE tiendra un stand toute la journ\u00e9e Place du Civoire, \u00e0 Brive, le samedi 25 avril 2026. N&rsquo;h\u00e9sitez pas &hellip; <a href=\"https:\/\/www.caue19.fr\/news\/fetes-des-jardin-brive-i-25-octobre-2026\/\">Lire la suite\u00ad\u00ad<\/a><\/p>\n\t<\/div><!-- .entry-summary -->\n\t<footer class=\"entry-footer\">\n\t<\/footer><!-- .entry-footer -->\t<\/div>\n<\/article>\n<article class=\"entry content-bg loop-entry post-2530 post type-post status-publish format-standard has-post-thumbnail hentry category-actualite\">\n\t\t\t<a class=\"post-thumbnail kadence-thumbnail-ratio-3-4\" href=\"https:\/\/www.caue19.fr\/news\/atelier-de-co-conception-ma-cour-ideale-cosnac\/\">\n\t\t\t<div class=\"post-thumbnail-inner\">\n\t\t\t\t<img width=\"768\" height=\"1024\" src=\"https:\/\/www.caue19.fr\/news\/wp-content\/uploads\/2026\/04\/20260226_160041-768x1024.jpg\" class=\"attachment-medium_large size-medium_large wp-post-image\" alt=\"ATELIER DE CO-CONCEPTION \u00ab\u00a0MA COUR IDEALE\u00a0\u00bb COSNAC\" loading=\"lazy\" srcset=\"https:\/\/www.caue19.fr\/news\/wp-content\/uploads\/2026\/04\/20260226_160041-768x1024.jpg 768w, https:\/\/www.caue19.fr\/news\/wp-content\/uploads\/2026\/04\/20260226_160041-225x300.jpg 225w, https:\/\/www.caue19.fr\/news\/wp-content\/uploads\/2026\/04\/20260226_160041-1152x1536.jpg 1152w, https:\/\/www.caue19.fr\/news\/wp-content\/uploads\/2026\/04\/20260226_160041-1536x2048.jpg 1536w, https:\/\/www.caue19.fr\/news\/wp-content\/uploads\/2026\/04\/20260226_160041-600x800.jpg 600w, https:\/\/www.caue19.fr\/news\/wp-content\/uploads\/2026\/04\/20260226_160041-scaled.jpg 1920w\" sizes=\"(max-width: 768px) 100vw, 768px\" \/>\t\t\t<\/div>\n\t\t<\/a><!-- .post-thumbnail -->\n\t\t\t<div class=\"entry-content-wrap\">\n\t\t<header class=\"entry-header\">\n\t\t<div class=\"entry-taxonomies\">\n\t\t<span class=\"category-links term-links category-style-normal\">\n\t\t\t<a href=\"https:\/\/www.caue19.fr\/news\/category\/actualite\/\" rel=\"category tag\">Actualit\u00e9<\/a>\t\t<\/span>\n\t<\/div><!-- .entry-taxonomies -->\n\t<h3 class=\"entry-title\"><a href=\"https:\/\/www.caue19.fr\/news\/atelier-de-co-conception-ma-cour-ideale-cosnac\/\" rel=\"bookmark\">ATELIER DE CO-CONCEPTION \u00ab\u00a0MA COUR IDEALE\u00a0\u00bb COSNAC<\/a><\/h3><\/header><!-- .entry-header -->\n\t<div class=\"entry-summary\">\n\t\t<p>Depuis plusieurs ann\u00e9es, le CAUE accompagne les collectivit\u00e9s avec l&rsquo;ensemble de la communaut\u00e9 \u00e9ducative pour r\u00e9fl\u00e9chir ensemble au r\u00e9am\u00e9nagement de &hellip; <a href=\"https:\/\/www.caue19.fr\/news\/atelier-de-co-conception-ma-cour-ideale-cosnac\/\">Lire la suite\u00ad\u00ad<\/a><\/p>\n\t<\/div><!-- .entry-summary -->\n\t<footer class=\"entry-footer\">\n\t<\/footer><!-- .entry-footer -->\t<\/div>\n<\/article>\n<article class=\"entry content-bg loop-entry post-2523 post type-post status-publish format-standard has-post-thumbnail hentry category-actualite\">\n\t\t\t<a class=\"post-thumbnail kadence-thumbnail-ratio-3-4\" href=\"https:\/\/www.caue19.fr\/news\/journee-technique-lecture-de-paysage-curemonte\/\">\n\t\t\t<div class=\"post-thumbnail-inner\">\n\t\t\t\t<img width=\"768\" height=\"576\" src=\"https:\/\/www.caue19.fr\/news\/wp-content\/uploads\/2026\/04\/20260310_115630-768x576.jpg\" class=\"attachment-medium_large size-medium_large wp-post-image\" alt=\"JOURNEE TECHNIQUE \u00ab\u00a0LECTURE DE PAYSAGE\u00a0\u00bb CUREMONTE\" loading=\"lazy\" srcset=\"https:\/\/www.caue19.fr\/news\/wp-content\/uploads\/2026\/04\/20260310_115630-768x576.jpg 768w, https:\/\/www.caue19.fr\/news\/wp-content\/uploads\/2026\/04\/20260310_115630-300x225.jpg 300w, https:\/\/www.caue19.fr\/news\/wp-content\/uploads\/2026\/04\/20260310_115630-1024x768.jpg 1024w, https:\/\/www.caue19.fr\/news\/wp-content\/uploads\/2026\/04\/20260310_115630-1536x1152.jpg 1536w, https:\/\/www.caue19.fr\/news\/wp-content\/uploads\/2026\/04\/20260310_115630-2048x1536.jpg 2048w, https:\/\/www.caue19.fr\/news\/wp-content\/uploads\/2026\/04\/20260310_115630-600x450.jpg 600w\" sizes=\"(max-width: 768px) 100vw, 768px\" \/>\t\t\t<\/div>\n\t\t<\/a><!-- .post-thumbnail -->\n\t\t\t<div class=\"entry-content-wrap\">\n\t\t<header class=\"entry-header\">\n\t\t<div class=\"entry-taxonomies\">\n\t\t<span class=\"category-links term-links category-style-normal\">\n\t\t\t<a href=\"https:\/\/www.caue19.fr\/news\/category\/actualite\/\" rel=\"category tag\">Actualit\u00e9<\/a>\t\t<\/span>\n\t<\/div><!-- .entry-taxonomies -->\n\t<h3 class=\"entry-title\"><a href=\"https:\/\/www.caue19.fr\/news\/journee-technique-lecture-de-paysage-curemonte\/\" rel=\"bookmark\">JOURNEE TECHNIQUE \u00ab\u00a0LECTURE DE PAYSAGE\u00a0\u00bb CUREMONTE<\/a><\/h3><\/header><!-- .entry-header -->\n\t<div class=\"entry-summary\">\n\t\t<p>Le CAUE a profit\u00e9 des premiers rayons de soleil pour animer une journ\u00e9e sur le Paysage \u00e0 la demande du &hellip; <a href=\"https:\/\/www.caue19.fr\/news\/journee-technique-lecture-de-paysage-curemonte\/\">Lire la suite\u00ad\u00ad<\/a><\/p>\n\t<\/div><!-- .entry-summary -->\n\t<footer class=\"entry-footer\">\n\t<\/footer><!-- .entry-footer -->\t<\/div>\n<\/article>\n<\/div>\n\n\n<div style=\"height:44px\" aria-hidden=\"true\" class=\"wp-block-spacer\"><\/div>\n\n\n\n<p class=\"has-text-align-center\"><a href=\"https:\/\/www.caue19.fr\/news\/actu\/\" data-type=\"page\" data-id=\"71\">Voir toutes les actualit\u00e9s<\/a><\/p>\n\n\n<style id=\"kt-blocks_ee5597-c2\">.kt-svg-icons_ee5597-c2 .kt-svg-item-0:hover .kt-svg-icon {color:#5daca7!important;}<\/style>\n<div class=\"wp-block-kadence-icon kt-svg-icons kt-svg-icons_ee5597-c2 aligncenter kb-icon-valign-top\" style=\"text-align:center\"><div class=\"kt-svg-style-default kt-svg-icon-wrap kt-svg-item-0\"><a href=\"https:\/\/www.caue19.fr\/news\/actu\/\" class=\"kt-svg-icon-link\"><div style=\"display:inline-flex;justify-content:center;align-items:center;color:#444444\" class=\"kt-svg-icon kt-svg-icon-fe_arrowRight\"><svg style=\"display:inline-block;vertical-align:middle\" viewbox=\"0 0 24 24\" height=\"29\" width=\"29\" fill=\"none\" stroke=\"currentColor\" xmlns=\"http:\/\/www.w3.org\/2000\/svg\" stroke-width=\"2.5\" stroke-linecap=\"round\" stroke-linejoin=\"round\" aria-hidden=\"true\"><line x1=\"5\" y1=\"12\" x2=\"19\" y2=\"12\"><\/line><polyline points=\"12 5 19 12 12 19\"><\/polyline><\/svg><\/div><\/a><\/div><\/div>\n\n\n\n<p><\/p>\n","protected":false},"excerpt":{"rendered":"<p>Le Conseil&nbsp;d&rsquo;Architecture, d&rsquo;Urbanisme et de l&rsquo;Environnement de la Corr\u00e8ze Cr\u00e9\u00e9 en f\u00e9vrier 1979, le Conseil d\u2019Architecture, d\u2019Urbanisme et de l\u2019Environnement de la Corr\u00e8ze est une association de droit priv\u00e9, guid\u00e9e par une mission de service public. Le CAUE est un &hellip; <a href=\"https:\/\/www.caue19.fr\/news\/\">Lire la suite\u00ad\u00ad<\/a><\/p>\n","protected":false},"author":1,"featured_media":0,"parent":0,"menu_order":0,"comment_status":"open","ping_status":"closed","template":"","meta":{"kt_blocks_editor_width":""},"_links":{"self":[{"href":"https:\/\/www.caue19.fr\/news\/wp-json\/wp\/v2\/pages\/821"}],"collection":[{"href":"https:\/\/www.caue19.fr\/news\/wp-json\/wp\/v2\/pages"}],"about":[{"href":"https:\/\/www.caue19.fr\/news\/wp-json\/wp\/v2\/types\/page"}],"author":[{"embeddable":true,"href":"https:\/\/www.caue19.fr\/news\/wp-json\/wp\/v2\/users\/1"}],"replies":[{"embeddable":true,"href":"https:\/\/www.caue19.fr\/news\/wp-json\/wp\/v2\/comments?post=821"}],"version-history":[{"count":54,"href":"https:\/\/www.caue19.fr\/news\/wp-json\/wp\/v2\/pages\/821\/revisions"}],"predecessor-version":[{"id":2443,"href":"https:\/\/www.caue19.fr\/news\/wp-json\/wp\/v2\/pages\/821\/revisions\/2443"}],"wp:attachment":[{"href":"https:\/\/www.caue19.fr\/news\/wp-json\/wp\/v2\/media?parent=821"}],"curies":[{"name":"wp","href":"https:\/\/api.w.org\/{rel}","templated":true}]}}