{"id":2481,"date":"2025-11-10T17:19:44","date_gmt":"2025-11-10T16:19:44","guid":{"rendered":"https:\/\/www.caue19.fr\/news\/?post_type=portfolio&#038;p=2481"},"modified":"2025-11-10T17:19:44","modified_gmt":"2025-11-10T16:19:44","slug":"arbres-de-nos-paysages-correziens-2","status":"publish","type":"portfolio","link":"https:\/\/www.caue19.fr\/news\/portfolio\/arbres-de-nos-paysages-correziens-2\/","title":{"rendered":"Arbres de nos paysages corr\u00e9ziens"},"content":{"rendered":"\n<p>On a coutume de dire que la Corr\u00e8ze est le \u00ab Pays de l\u2019arbre et de l\u2019eau \u00bb. La for\u00eat y est tr\u00e8s pr\u00e9sente (45% en moyenne de la superficie totale) avec cependant une r\u00e9partition g\u00e9ographique in\u00e9gale. <\/p>\n\n\n\n<div class=\"wp-block-file\"><object class=\"wp-block-file__embed\" data=\"https:\/\/www.caue19.fr\/news\/wp-content\/uploads\/2025\/11\/plaquette-arbres-copie-2.pdf\" type=\"application\/pdf\" style=\"width:100%;height:600px\" aria-label=\"Contenu embarqu\u00e9 plaquette-arbres-copie-2.\"><\/object><a id=\"wp-block-file--media-fc35c9de-f04f-4f27-a398-05b47ee799b1\" href=\"https:\/\/www.caue19.fr\/news\/wp-content\/uploads\/2025\/11\/plaquette-arbres-copie-2.pdf\" target=\"_blank\" rel=\"noreferrer noopener\">plaquette-arbres-copie-2<\/a><a href=\"https:\/\/www.caue19.fr\/news\/wp-content\/uploads\/2025\/11\/plaquette-arbres-copie-2.pdf\" class=\"wp-block-file__button\" download aria-describedby=\"wp-block-file--media-fc35c9de-f04f-4f27-a398-05b47ee799b1\">T\u00e9l\u00e9charger<\/a><\/div>\n\n\n\n<div class=\"wp-block-file\"><object class=\"wp-block-file__embed\" data=\"https:\/\/www.caue19.fr\/news\/wp-content\/uploads\/2025\/11\/feuillet-arbres.pdf\" type=\"application\/pdf\" style=\"width:100%;height:600px\" aria-label=\"Contenu embarqu\u00e9 feuillet-arbres.\"><\/object><a id=\"wp-block-file--media-eedd3051-d381-4e2c-ad26-e20c9c6d8391\" href=\"https:\/\/www.caue19.fr\/news\/wp-content\/uploads\/2025\/11\/feuillet-arbres.pdf\" target=\"_blank\" rel=\"noreferrer noopener\">feuillet-arbres<\/a><a href=\"https:\/\/www.caue19.fr\/news\/wp-content\/uploads\/2025\/11\/feuillet-arbres.pdf\" class=\"wp-block-file__button\" download aria-describedby=\"wp-block-file--media-eedd3051-d381-4e2c-ad26-e20c9c6d8391\">T\u00e9l\u00e9charger<\/a><\/div>\n","protected":false},"excerpt":{"rendered":"<p>On a coutume de dire que la Corr\u00e8ze est le \u00ab Pays de l\u2019arbre et de l\u2019eau \u00bb. La for\u00eat y est tr\u00e8s pr\u00e9sente (45% en moyenne de la superficie totale) avec cependant une r\u00e9partition g\u00e9ographique in\u00e9gale.<\/p>\n","protected":false},"author":3,"featured_media":2484,"menu_order":0,"comment_status":"closed","ping_status":"closed","template":"","meta":{"kt_blocks_editor_width":""},"portfolio-type":[3,7],"_links":{"self":[{"href":"https:\/\/www.caue19.fr\/news\/wp-json\/wp\/v2\/portfolio\/2481"}],"collection":[{"href":"https:\/\/www.caue19.fr\/news\/wp-json\/wp\/v2\/portfolio"}],"about":[{"href":"https:\/\/www.caue19.fr\/news\/wp-json\/wp\/v2\/types\/portfolio"}],"author":[{"embeddable":true,"href":"https:\/\/www.caue19.fr\/news\/wp-json\/wp\/v2\/users\/3"}],"replies":[{"embeddable":true,"href":"https:\/\/www.caue19.fr\/news\/wp-json\/wp\/v2\/comments?post=2481"}],"wp:featuredmedia":[{"embeddable":true,"href":"https:\/\/www.caue19.fr\/news\/wp-json\/wp\/v2\/media\/2484"}],"wp:attachment":[{"href":"https:\/\/www.caue19.fr\/news\/wp-json\/wp\/v2\/media?parent=2481"}],"wp:term":[{"taxonomy":"portfolio-type","embeddable":true,"href":"https:\/\/www.caue19.fr\/news\/wp-json\/wp\/v2\/portfolio-type?post=2481"}],"curies":[{"name":"wp","href":"https:\/\/api.w.org\/{rel}","templated":true}]}}

Arbres de nos paysages corréziens

<p>On a coutume de dire que la Corrèze est le « Pays de l’arbre et de l’eau ». La forêt y est très présente (45% en moyenne de la superficie totale) avec cependant une répartition géographique inégale. </p>



<div class="wp-block-file"><object class="wp-block-file__embed" data="https://www.caue19.fr/news/wp-content/uploads/2025/11/plaquette-arbres-copie-2.pdf" type="application/pdf" style="width:100%;height:600px" aria-label="Contenu embarqué plaquette-arbres-copie-2."></object><a id="wp-block-file--media-fc35c9de-f04f-4f27-a398-05b47ee799b1" href="https://www.caue19.fr/news/wp-content/uploads/2025/11/plaquette-arbres-copie-2.pdf" target="_blank" rel="noreferrer noopener">plaquette-arbres-copie-2</a><a href="https://www.caue19.fr/news/wp-content/uploads/2025/11/plaquette-arbres-copie-2.pdf" class="wp-block-file__button" download aria-describedby="wp-block-file--media-fc35c9de-f04f-4f27-a398-05b47ee799b1">Télécharger</a></div>



<div class="wp-block-file"><object class="wp-block-file__embed" data="https://www.caue19.fr/news/wp-content/uploads/2025/11/feuillet-arbres.pdf" type="application/pdf" style="width:100%;height:600px" aria-label="Contenu embarqué feuillet-arbres."></object><a id="wp-block-file--media-eedd3051-d381-4e2c-ad26-e20c9c6d8391" href="https://www.caue19.fr/news/wp-content/uploads/2025/11/feuillet-arbres.pdf" target="_blank" rel="noreferrer noopener">feuillet-arbres</a><a href="https://www.caue19.fr/news/wp-content/uploads/2025/11/feuillet-arbres.pdf" class="wp-block-file__button" download aria-describedby="wp-block-file--media-eedd3051-d381-4e2c-ad26-e20c9c6d8391">Télécharger</a></div>

<p>On a coutume de dire que la Corrèze est le « Pays de l’arbre et de l’eau ». La forêt y est très présente (45% en moyenne de la superficie totale) avec cependant une répartition géographique inégale.</p>
